n = -6*n + z. Calculate d(n).
6
Suppose 3*k + 4*q = 6*k + 1, 4*k - 4*q = 0. Let v(g) = -k - 7 + 18*g - 8*g - 12*g. Let o(p) = -p - 4. Let m be o(3). Determine v(m).
6
Let s(q) = 4*q**3 - 24*q**2 + 28*q - 28. Let i(h) = -h**3 + 6*h**2 - 7*h + 7. Let l = 320 - 311. Let a = 4 + -2. Let k(p) = a*s(p) + l*i(p). Give k(5).
-3
Let j(m) = m**2 - 7*m + 5. Let i be 32/20*3/(-6)*-5. Calculate j(i).
-7
Let f(t) = -t**3 + 3*t**2 + 4*t + 3. Let p be f(4). Suppose 5 = 43*i - 42*i. Let l(x) = -1 + p*x - i - 5*x + 4. Give l(2).
-6
Let u(k) = 2*k + 3. Let t = 16 - 14. Let z be u(t). Suppose 5*d - 2*d + 19 = 5*i, -2*i + d = -z. Let n(c) = 5*c - 3. Give n(i).
7
Let u(n) = -n**3 + 8*n**2 - 6*n - 8. Let f be u(7). Let o be -6 - -3 - (f - 8). Let k(h) = h**3 - 3 - 287*h + 287*h - o*h**2. Calculate k(6).
-3
Let j(s) be the second derivative of s**3/6 - 3*s**2/2 + 3*s. Let i be (-18)/4*18/(-27). Give j(i).
0
Let k(l) be the first derivative of -l**2/2 + 4*l + 338. Let j be (1/1)/((-3)/(-18)). What is k(j)?
-2
Let z = 276 + -273. Let q(w) = 3*w - 5. Determine q(z).
4
Let t(x) = x**2 - 14*x + 49. Let d be t(8). Let w(n) = -15*n + 1. Determine w(d).
-14
Let g(r) = -r**3 + 15*r**2 + 37*r + 11. Let o be g(17). Let c = o - 60. Let y(s) = 2*s - 1. Calculate y(c).
3
Let o = -1381 - -1387. Let b(h) = -3*h**2 + 14*h + 6. Calculate b(o).
-18
Let g(c) be the second derivative of 5*c**3/6 - 5*c**2/2 - 105*c. Give g(5).
20
Let j(a) = a**3 + 2*a**2 + 3*a + 3. Let i be j(0). Let r(y) be the first derivative of 5 - 2*y**2 + 6*y + 1/3*y**i. Determine r(5).
11
Let g(b) be the first derivative of b**4/4 + 5*b**3/3 - 4*b - 3. Suppose -3*l + 8*l = -25. Calculate g(l).
-4
Let r(d) = -d - 3. Let z(b) = -2*b**3 - b**2 + 2*b + 6. Let k be z(0). Determine r(k).
-9
Let c = 15 - 11. Suppose w = -0*w - 2*o, 3*w + c*o = -6. Let s(h) be the first derivative of -h**3/3 - 2*h**2 + 2*h + 429. Determine s(w).
-10
Let t = 203 - 207. Let b(k) = 0 + 0*k**2 + 2*k - 3 + k**2. Determine b(t).
5
Let v = -80 + 76. Let f(s) = -s - 5. Determine f(v).
-1
Let p(u) = -u + 3. Suppose 3*t = 4*j - 3, -5*j = 13*t - 8*t + 40. Determine p(j).
6
Suppose 4 = 2*z - p - 4*p, -5*z - 5*p = 60. Let f be (1 - 2)/(z/(-40)). Let g(y) = -y - 6. What is g(f)?
-1
Let m be 14/(-28)*-1*4. Let i(q) = -3*q**2 - 2. Let x(y) = -16*y**2 + y - 9. Let k(g) = m*x(g) - 11*i(g). Give k(-4).
12
Let v = 65 + -63. Let l(m) = 5*m**2 + 4 - 1 - 4*m - 4*m**v. Calculate l(2).
-1
Let d(o) be the second derivative of o**4/12 - o**3 - 11*o**2/2 - 2*o + 8. Determine d(8).
5
Let g(k) be the third derivative of k**5/60 + k**4/24 - 14*k**3/3 + 283*k**2. Give g(0).
-28
Let p = 20 + -33. Let b(k) = -k**2 - 14*k - 15. Give b(p).
-2
Suppose -4*c = -4*b - 32, 2*c - 4 = -b - 0. Let i(d) = d**2 - 8*d - 2. Let l(k) = 2*k**2 - 8*k - 1. Let r(a) = b*i(a) + 3*l(a). Determine r(-5).
15
Let p be 22/6*7/(21/9). Let d(o) = 9 + o + 2 - p + 1. Give d(-5).
-4
Suppose -2*n + 0*r - r + 14 = 0, 0 = -4*n + r + 16. Let i be 8/20 - (-58)/n. Let a = 10 - i. Let b(o) = 2*o**2 - 2*o - 3. Calculate b(a).
9
Let c(m) = 3*m + 4 - 973*m**2 + 2*m + 974*m**2 - 3*m. Give c(-6).
28
Let i(v) = -3*v**3 + 11*v**2 + 5*v - 5. Let n(x) = -2*x**3 + 10*x**2 + 5*x - 5. Let y(u) = 3*i(u) - 4*n(u). Let c(t) = t**2 - 9*t + 2. Let q be c(8). Give y(q).
-1
Let c be 3 + 0 + 12 + -13. Let q(t) = 1 - 3 + 1 - 7*t**c. Calculate q(-1).
-8
Let z(n) = -n**2 - 8*n - 9. Suppose -w = -4, -3*v - 2*v - 50 = -5*w. Let g be (-42)/v*(3 + (-6 - -2)). Determine z(g).
-2
Let h(p) = -4*p**2 + 4*p + 1. Let m(c) = 4*c**2 - 5*c - 1. Let z(u) = -4*h(u) - 3*m(u). Suppose -21 = 14*y - 18*y - 5*l, 25 = -5*y + 4*l. Calculate z(y).
4
Let f = -178 + 184. Let i(y) be the first derivative of y**3/3 - 3*y**2 + 4*y - 1. Calculate i(f).
4
Let h(a) be the first derivative of 1/4*a**4 + 6 + a + 1/3*a**3 + 0*a**2. Determine h(0).
1
Let a(h) = -h**2 + 39*h - 116. Let c be a(3). Let g(y) = -y**2 - 11*y - 8. Give g(c).
16
Let w(h) = -h + 8. Let n be (-5)/((-275)/363) + (-4)/(-10). Calculate w(n).
1
Let v(y) be the second derivative of y**5/20 + y**4/12 - y**3/6 - y**2/2 - 2*y. Let t be 1/6 + (-42)/36. Determine v(t).
0
Let j(i) = -14*i + 200. Let n be j(14). Let f(q) be the first derivative of -q - 1/2*q**2 - 4 - 1/4*q**n - 5/3*q**3. Give f(-4).
-13
Let r(t) = t + 24. Let x be r(-11). Suppose 18 = 4*f - 2*b, -3*b = -2*f - 2 + x. Let o(u) = u - 5. What is o(f)?
-1
Let z(y) = y**2 + 16*y + 1. Let k = -136 + 121. What is z(k)?
-14
Let v(u) be the first derivative of u**4/24 + 2*u**3 - 7*u**2/2 + 16. Let h(j) be the second derivative of v(j). Let a be (0 - 1)*(-2 + 9). Calculate h(a).
5
Suppose 5*d + 77 = 3*v, 2*d - 5*v = 4*d + 6. Let m(x) = x**3 + 14*x**2 + 10*x - 30. Calculate m(d).
9
Let i(a) = 10*a - 1. Let h(c) = -6*c + 1. Let o(b) = -8*h(b) - 5*i(b). Calculate o(-6).
9
Let r(j) = j + 6. Let v(b) = -2*b**3 - 12*b**2 + 2*b - 6. Let x be v(-6). Suppose 0 = -4*w + 2*q - 62, -5*w - 48 - 32 = -3*q. Let s = x - w. Determine r(s).
1
Let w(p) = 10*p**2 + 20*p + 49. Let j(k) = -3*k**2 - 7*k - 15. Let s(t) = 7*j(t) + 2*w(t). Give s(-14).
-77
Let f(a) = -a**3 + a**2 - 2. Let p be (65/(-52) + (-1)/(-4))*0. Give f(p).
-2
Let u(o) = -7*o**3 + 15*o**2 - 2*o + 10. Let y(k) = -3*k**3 + 7*k**2 - k + 5. Let q(p) = 2*u(p) - 5*y(p). Determine q(5).
0
Let k(v) = -9*v**2 - 13*v - 2. Let g(u) = -5*u**2 - 6*u - 1. Let l(t) = -t**3 + 6*t**2 - 4*t - 9. Let p be l(5). Let a(b) = p*k(b) + 9*g(b). Give a(-1).
-8
Let p = -1 - 3. Let g(i) = -i - 3. Let j be g(p). Let k(o) = -j + 0*o + 0 + 5*o**3 - o. Determine k(-1).
-5
Suppose 0 = -0*o - 2*o - 2*j - 8, o = j + 4. Suppose 0 = -3*p, o = 5*b + 2*p + 13 + 12. Let v(s) = -4*s + 4*s + s - 4. What is v(b)?
-9
Let b(w) = 1 + 23175*w**3 + 4*w**2 - 1 - 23174*w**3. Give b(-2).
8
Suppose 3*c = -6*c + 18. Let d(u) = 2 - u**c - 15*u + 22*u - 3. Determine d(5).
9
Let h = 727 - 720. Let u(a) = 5*a - 26. What is u(h)?
9
Suppose 11*l - 50 = 6*l. Suppose l*p = 9*p. Let z(t) be the first derivative of t**3/3 - t**2/2 - 4*t + 7. Calculate z(p).
-4
Let x(b) be the third derivative of b**4/12 + 19*b**3/6 - 25*b**2. Let u(l) = 4*l + 40. Let k(q) = 6*u(q) - 13*x(q). What is k(-5)?
3
Let j(g) = g**3 - 4*g**2 - 7*g + 2. Let f be (-1 + (17 - 1))*(-51)/(-153). What is j(f)?
-8
Let l(s) be the third derivative of s**4/12 + 4*s**3/3 - s**2. Let h(y) = -4 - y + 2 - 4*y**2 + 0*y**3 + y**3 + 0*y**3. Let f be h(4). Give l(f).
-4
Suppose -4*m + 4*j + 27 + 21 = 0, 0 = -m - 2*j. Let z(u) = 4*u**2 - 33*u + 5. Determine z(m).
-3
Let n(i) = 14*i**3 + 5*i**2 - i + 2. Let v(b) = 42*b**3 + 14*b**2 - 4*b + 6. Let p(k) = 8*n(k) - 3*v(k). What is p(1)?
-14
Let m = 72 - 35. Suppose -5*v + 3*u + 18 = 0, 4*v + 2*u + 5 = m. Let i be (8/v)/(7/21). Let k(f) = f**2 - 6*f. What is k(i)?
-8
Let l(r) = 3*r + 7. Let v be l(-2). Suppose -7 = 2*q + v. Let j(a) = -a**3 - 5*a**2 - 4*a + 4. Determine j(q).
4
Suppose 3*p + i - 25 = 0, -2*p + 3*i + 35 = -0*i. Suppose 4*t - 18 + p = 0. Let w(z) = -4*z**2 + 4*z - 2. What is w(t)?
-10
Let i = -880 + 884. Let b(l) = -l**2 + 7*l - 12. What is b(i)?
0
Let b(d) = d + 11. Suppose -4*l + 5 = -3. Suppose -5*y - 2 = -z, -l*y - 1 - 43 = 5*z. What is b(z)?
3
Let a(d) be the third derivative of 7/6*d**3 + 0 + 1/12*d**4 - 5*d**2 + 0*d. Let x be a(-4). Let i(k) = 11*k**3 + 2*k**2 + 2*k + 1. What is i(x)?
-10
Let f(l) = 33*l**3 + 4*l**2 - l - 9. Let i(q) = -q**2 + 2. Let p(k) = -f(k) - 4*i(k). What is p(-1)?
33
Let d(o) be the first derivative of o**4 - 14 + o - 1/3*o**3 - 1/2*o**2. What is d(1)?
3
Let o = -8 - -4. Let h be (27/6 + -3)*o. Let y(i) = 0*i - 2*i - 5*i**2 + 14*i - 7*i - i**3 - 3. What is y(h)?
3
Suppose 41*a - 54 = 14*a. Let d(u) be the first derivative of 5/2*u**2 + a*u + 6. Determine d(2).
12
Suppose 5*n - 11 = -v, -4*n - 3*v - 1 = -6*n. Suppose n*y - 2*m = m + 7, 2*y - 3 = -m. Let d(b) = -b**3 + 3*b**2 - 2*b + 1. Determine d(y).
1
Let p(r) = -5*r - 12. Let n(c) = 2*c + 7. Let w(b) = 11*n(b) + 6*p(b). Suppose 0 = v + 3*v + 4. Let z(k) = -k. Let f(s) = v*w(s) + 2*z(s). What is f(4)?
19
Let q(p) = 5*p. Let u = 10 + -10. Let n = 4 + u. Suppose 2*i = -s - 1, -5*s = n*i + i + 10. What is q(i)?
5
Let p(y) be the first derivative of -y**2 + 7*y - 342. Give p(-3).
13
Let g(f) = 9*f**3 + 14*f**2 - f + 4. Let j(h) = 7*h**3 + 12*h**2 - h + 3. Let y(v)